{"id":80,"date":"2022-04-18T14:22:16","date_gmt":"2022-04-18T14:22:16","guid":{"rendered":"http:\/\/jfa2022.unnoba.edu.ar\/?page_id=80"},"modified":"2022-10-06T23:58:07","modified_gmt":"2022-10-06T23:58:07","slug":"listado-de-trabajos-presentados","status":"publish","type":"page","link":"https:\/\/jfa2022.unnoba.edu.ar\/index.php\/listado-de-trabajos-presentados\/","title":{"rendered":"Normativa e-Posters"},"content":{"rendered":"<p>&nbsp;<\/p>\n<p>&nbsp;<\/p>\n<p>INSTRUCCIONES PARA ARMAR EL <em>E-POSTER<\/em><\/p>\n<ol>\n<li>Los p\u00f3steres ser\u00e1n elaborados en el programa Power Point, para lo cual le sugerimos usar la plantilla propuesta por esta Comisi\u00f3n, la cual consta con la adecuada configuraci\u00f3n (hoja horizontal, 16:9, encabezados, etc.).<\/li>\n<li>El poster debe estar confeccionado en tres diapositivas donde se indique (1) una breve introducci\u00f3n y objetivos; (2) materiales y metodolog\u00eda; y (3) resultados y conclusi\u00f3n.<\/li>\n<li>Se recomienda, en caso de ser posible, el uso de figuras, tablas y fotograf\u00edas claras para lograr una mejor interpretaci\u00f3n del trabajo.<\/li>\n<li>Se recomienda el uso de tipograf\u00eda ARIAL.<\/li>\n<li>El nombre del archivo debe indicar el apellido, la inicial del nombre y, en caso de haber participado con m\u00e1s de un resumen, un n\u00famero para diferenciarlo (por ejemplo: PerezJ1).<\/li>\n<\/ol>\n<p>&nbsp;<\/p>\n<p><a href=\"https:\/\/jfa2022.unnoba.edu.ar\/index.php\/listado-de-trabajos-presentados\/plantilla-modelo-poster-2\/\" rel=\"attachment wp-att-380\">PLANTILLA MODELO E-POSTER<\/a><\/p>\n<p><a href=\"http:\/\/jfa2022.unnoba.edu.ar\/wp-content\/uploads\/2022\/10\/Modelo-E-Poster-EJEMPLO.pdf\">Modelo E-Poster EJEMPLO<\/a><\/p>\n<p>Los res\u00famenes finales y e-posters deben ser enviados a con el formato correspondiente a <a href=\"mailto:evaluacionesjfa@gmail.com\">evaluacionesjfa@gmail.com<\/a><\/p>\n<p><strong>HAY TIEMPO DE ENVIAR LOS E-POSTERS HASTA EL 12 de OCTUBRE<\/strong><\/p>\n<p>&nbsp;<\/p>\n","protected":false},"excerpt":{"rendered":"<p>&nbsp; &nbsp; INSTRUCCIONES PARA ARMAR EL E-POSTER Los p\u00f3steres ser\u00e1n elaborados en el programa Power Point, para lo cual le sugerimos usar la plantilla propuesta por esta Comisi\u00f3n, la cual &#8230;<\/p>\n","protected":false},"author":1,"featured_media":0,"parent":0,"menu_order":0,"comment_status":"closed","ping_status":"closed","template":"","meta":{"footnotes":""},"class_list":["post-80","page","type-page","status-publish","hentry"],"_links":{"self":[{"href":"https:\/\/jfa2022.unnoba.edu.ar\/index.php\/wp-json\/wp\/v2\/pages\/80","targetHints":{"allow":["GET"]}}],"collection":[{"href":"https:\/\/jfa2022.unnoba.edu.ar\/index.php\/wp-json\/wp\/v2\/pages"}],"about":[{"href":"https:\/\/jfa2022.unnoba.edu.ar\/index.php\/wp-json\/wp\/v2\/types\/page"}],"author":[{"embeddable":true,"href":"https:\/\/jfa2022.unnoba.edu.ar\/index.php\/wp-json\/wp\/v2\/users\/1"}],"replies":[{"embeddable":true,"href":"https:\/\/jfa2022.unnoba.edu.ar\/index.php\/wp-json\/wp\/v2\/comments?post=80"}],"version-history":[{"count":7,"href":"https:\/\/jfa2022.unnoba.edu.ar\/index.php\/wp-json\/wp\/v2\/pages\/80\/revisions"}],"predecessor-version":[{"id":383,"href":"https:\/\/jfa2022.unnoba.edu.ar\/index.php\/wp-json\/wp\/v2\/pages\/80\/revisions\/383"}],"wp:attachment":[{"href":"https:\/\/jfa2022.unnoba.edu.ar\/index.php\/wp-json\/wp\/v2\/media?parent=80"}],"curies":[{"name":"wp","href":"https:\/\/api.w.org\/{rel}","templated":true}]}}